{"id":165,"date":"2019-08-12T11:27:09","date_gmt":"2019-08-12T11:27:09","guid":{"rendered":"http:\/\/hieroitzo.copista.de\/?page_id=165"},"modified":"2019-08-13T19:32:38","modified_gmt":"2019-08-13T19:32:38","slug":"skurrilitaeten","status":"publish","type":"page","link":"http:\/\/hieroitzo.copista.de\/?page_id=165","title":{"rendered":"Skurrilit\u00e4ten"},"content":{"rendered":"\n<h4>1988<\/h4>\n\n\n\n<p>Als Andreas Wrede der Provinz als Redakteur des <em>G\u00f6ttinger Tageblattes<\/em> den R\u00fccken kehrte, um als Redakteur (sp\u00e4ter stellv. Chefredakteur) von <em>Cinema<\/em> die gro\u00dfe Medienwelt zu beschnuppern, widmeten wir ihm eine (ziemlich dilettantische) Collage (Photoshop war noch nicht erfunden). Die Textzeile vom Originaltitelblatt der <em>Cinema<\/em> &#8222;Er begann als Revolution\u00e4r und endete als Killer&#8220; gefiel uns besonders gut. <\/p>\n\n\n\n<figure class=\"wp-block-image\"><img loading=\"lazy\" width=\"775\" height=\"1024\" src=\"http:\/\/hieroitzo.copista.de\/wp-content\/uploads\/2019\/08\/Montage-A.Wrede_Cinema-775x1024.jpg\" alt=\"\" class=\"wp-image-204\" srcset=\"http:\/\/hieroitzo.copista.de\/wp-content\/uploads\/2019\/08\/Montage-A.Wrede_Cinema-775x1024.jpg 775w, http:\/\/hieroitzo.copista.de\/wp-content\/uploads\/2019\/08\/Montage-A.Wrede_Cinema-227x300.jpg 227w, http:\/\/hieroitzo.copista.de\/wp-content\/uploads\/2019\/08\/Montage-A.Wrede_Cinema-768x1014.jpg 768w, http:\/\/hieroitzo.copista.de\/wp-content\/uploads\/2019\/08\/Montage-A.Wrede_Cinema-1200x1585.jpg 1200w, http:\/\/hieroitzo.copista.de\/wp-content\/uploads\/2019\/08\/Montage-A.Wrede_Cinema.jpg 1635w\" sizes=\"(max-width: 775px) 85vw, 775px\" \/><\/figure>\n\n\n\n<h5>Aug. 1983<\/h5>\n\n\n\n<p>So erging es uns, als Desktop-Publishing noch nicht erfunden war und das Layout n\u00e4chtens am Leuchttisch gewerkelt wurde. Da konnte es schon einmal passieren, dass eine Satzfahne spiegelverkehrt den Weg auf die Aufsichtsvorlage fand und keiner hat&#8217;s gemerkt.<\/p>\n\n\n\n<p>In dem Fall war der Kommentar von Michael Schmelich zu der Gruppe Bots betroffen.<\/p>\n\n\n\n<figure class=\"wp-block-image\"><img loading=\"lazy\" width=\"262\" height=\"138\" src=\"http:\/\/hieroitzo.copista.de\/wp-content\/uploads\/2019\/08\/Skurrilit\u00e4ten_Bots.png\" alt=\"\" class=\"wp-image-166\"\/><\/figure>\n\n\n\n<p><\/p>\n\n\n\n<p><\/p>\n\n\n\n<p><\/p>\n","protected":false},"excerpt":{"rendered":"<p>1988 Als Andreas Wrede der Provinz als Redakteur des G\u00f6ttinger Tageblattes den R\u00fccken kehrte, um als Redakteur (sp\u00e4ter stellv. Chefredakteur) von Cinema die gro\u00dfe Medienwelt zu beschnuppern, widmeten wir ihm eine (ziemlich dilettantische) Collage (Photoshop war noch nicht erfunden). Die Textzeile vom Originaltitelblatt der Cinema &#8222;Er begann als Revolution\u00e4r und endete als Killer&#8220; gefiel uns &hellip; <a href=\"http:\/\/hieroitzo.copista.de\/?page_id=165\" class=\"more-link\"><span class=\"screen-reader-text\">&#8222;Skurrilit\u00e4ten&#8220; <\/span>weiterlesen<\/a><\/p>\n","protected":false},"author":1,"featured_media":0,"parent":0,"menu_order":0,"comment_status":"open","ping_status":"closed","template":"","meta":[],"_links":{"self":[{"href":"http:\/\/hieroitzo.copista.de\/index.php?rest_route=\/wp\/v2\/pages\/165"}],"collection":[{"href":"http:\/\/hieroitzo.copista.de\/index.php?rest_route=\/wp\/v2\/pages"}],"about":[{"href":"http:\/\/hieroitzo.copista.de\/index.php?rest_route=\/wp\/v2\/types\/page"}],"author":[{"embeddable":true,"href":"http:\/\/hieroitzo.copista.de\/index.php?rest_route=\/wp\/v2\/users\/1"}],"replies":[{"embeddable":true,"href":"http:\/\/hieroitzo.copista.de\/index.php?rest_route=%2Fwp%2Fv2%2Fcomments&post=165"}],"version-history":[{"count":6,"href":"http:\/\/hieroitzo.copista.de\/index.php?rest_route=\/wp\/v2\/pages\/165\/revisions"}],"predecessor-version":[{"id":264,"href":"http:\/\/hieroitzo.copista.de\/index.php?rest_route=\/wp\/v2\/pages\/165\/revisions\/264"}],"wp:attachment":[{"href":"http:\/\/hieroitzo.copista.de\/index.php?rest_route=%2Fwp%2Fv2%2Fmedia&parent=165"}],"curies":[{"name":"wp","href":"https:\/\/api.w.org\/{rel}","templated":true}]}}